 of 1064210?
True
Is 1965000 a multiple of 436?
False
Is 39915 a multiple of 15?
True
Is 26893 a multiple of 3?
False
Is 9 a factor of 69876?
True
Is 69163 a multiple of 169?
False
Is 27216 a multiple of 8?
True
Is 13 a factor of 1343906?
False
Is 26022 a multiple of 30?
False
Does 8 divide 4803?
False
Is 8 a factor of 280962?
False
Is 158 a factor of 1026332?
False
Is 2773178 a multiple of 218?
True
Is 56 a factor of 10748584?
True
Does 15 divide 687453?
False
Is 54 a factor of 3330720?
True
Is 18 a factor of 40232?
False
Does 91 divide 124579?
True
Is 260192 a multiple of 187?
False
Is 12 a factor of 487166?
False
Is 387285 a multiple of 49?
False
Does 16 divide 224063?
False
Does 4 divide 38187?
False
Does 35 divide 37383?
False
Does 8 divide 10392?
True
Is 23 a factor of 145544?
True
Is 1880620 a multiple of 90?
False
Does 473 divide 60544?
True
Does 128 divide 993280?
True
Is 5 a factor of 15821?
False
Is 101 a factor of 7347854?
False
Is 1865091 a multiple of 69?
False
Does 31 divide 3200?
False
Is 9 a factor of 55993?
False
Is 302391 a multiple of 7?
False
Is 671978 a multiple of 20?
False
Is 733682 a multiple of 14?
False
Does 70 divide 6711110?
True
Is 26 a factor of 124125?
False
Is 8 a factor of 136937?
False
Is 6 a factor of 11704?
False
Is 541 a factor of 23263?
True
Is 254592 a multiple of 255?
False
Is 10 a factor of 1570?
True
Is 499213 a multiple of 6?
False
Is 500415 a multiple of 219?
True
Is 4042836 a multiple of 549?
True
Is 372 a factor of 631656?
True
Is 27040 a multiple of 13?
True
Is 3 a factor of 417284?
False
Does 7 divide 10838317?
True
Is 2271597 a multiple of 326?
False
Is 1469250 a multiple of 45?
True
Does 12 divide 49452?
True
Is 14 a factor of 66514?
True
Is 7639882 a multiple of 216?
False
Is 8 a factor of 201432?
True
Does 11 divide 6704390?
True
Is 333 a factor of 225733?
False
Is 3 a factor of 200304?
True
Is 63 a factor of 751575?
False
Is 348761 a multiple of 34?
False
Does 117 divide 1209979?
False
Is 164 a factor of 154731?
False
Does 25 divide 338600?
True
Is 37236 even?
True
Is 1603286 a multiple of 78?
False
Is 56 a factor of 7187044?
False
Is 262 a factor of 508804?
True
Is 1894359 a multiple of 239?
False
Is 63 a factor of 2707552?
False
Is 46 a factor of 17204?
True
Is 11609447 a multiple of 107?
False
Is 14 a factor of 695684?
False
Is 18 a factor of 1255338?
True
Is 7 a factor of 603813?
True
Does 206 divide 115772?
True
Is 58 a factor of 22136222?
True
Is 90900 a multiple of 30?
True
Is 375 a factor of 846656?
False
Is 10 a factor of 149343?
False
Is 842920 a multiple of 174?
False
Is 12037405 a multiple of 815?
False
Is 437291 a multiple of 72?
False
Does 37 divide 179097?
False
Is 2197608 a multiple of 49?
False
Is 1880476 a multiple of 13?
True
Does 36 divide 162293?
False
Is 86 a factor of 19042894?
True
Does 33 divide 7006230?
True
Does 601 divide 2560260?
True
Is 257 a factor of 8910136?
False
Is 94 a factor of 4331238?
True
Is 671 a factor of 155001?
True
Does 14 divide 2254420?
True
Is 240 a factor of 331920?
True
Is 3796 a multiple of 146?
True
Does 285 divide 70213?
False
Is 749 a factor of 17312386?
True
Is 24826 a multiple of 265?
False
Is 20629512 a multiple of 48?
False
Does 70 divide 5337194?
False
Is 667 a factor of 3741870?
True
Is 12 a factor of 156695?
False
Is 146633 a multiple of 3?
False
Is 2806580 a multiple of 84?
False
Does 36 divide 1307405?
False
Does 323 divide 574617?
True
Is 8554364 a multiple of 28?
True
Does 172 divide 2455486?
False
Is 228 a factor of 1323768?
True
Is 22 a factor of 98978?
True
Is 15 a factor of 2641367?
False
Is 22 a factor of 244442?
True
Is 8 a factor of 7248?
True
Is 156 a factor of 1205724?
True
Is 453852 a multiple of 281?
False
Is 2 a factor of 71527?
False
Is 6174959 a multiple of 20?
False
Is 5373587 a multiple of 900?
False
Is 95692 a multiple of 94?
True
Is 4 a factor of 13209?
False
Is 792832 a multiple of 652?
True
Does 269 divide 6321500?
True
Does 276 divide 1180852?
False
Is 263431 a multiple of 252?
False
Is 1853334 a multiple of 60?
False
Does 9 divide 592824?
False
Does 18 divide 270186?
False
Is 16 a factor of 250461?
False
Is 409355 a multiple of 183?
False
Is 3392 a multiple of 9?
False
Is 1450218 a multiple of 146?
True
Is 6 a factor of 584886?
True
Is 15 a factor of 15540?
True
Does 118 divide 278272?
False
Does 777 divide 12474735?
True
Is 101733 a multiple of 84?
False
Does 5 divide 117162?
False
Is 29335 a multiple of 19?
False
Does 12 divide 27048?
True
Is 14280 a multiple of 11?
False
Is 128927 even?
False
Is 71877 a multiple of 9?
False
Is 20 a factor of 851740?
True
Is 453 a factor of 1064550?
True
Is 8 a factor of 11857?
False
Is 36 a factor of 996336?
True
Is 161074 a multiple of 54?
False
Does 474 divide 2709858?
True
Is 845 a factor of 11481804?
False
Does 75 divide 589805?
False
Does 342 divide 138852?
True
Is 141081 a multiple of 111?
True
Is 138 a factor of 79350?
True
Is 115 a factor of 3097591?
False
Is 72 a factor of 288197?
False
Is 171990 a multiple of 39?
True
Is 43 a factor of 516886?
False
Is 242276 a multiple of 37?
True
Does 536 divide 479184?
True
Is 3145935 a multiple of 65?
True
Is 1054557 a multiple of 5?
False
Is 1395 a factor of 11473121?
False
Does 18 divide 192564?
True
Is 111 a factor of 91923?
False
Is 671 a factor of 6906710?
False
Does 14 divide 12911?
False
Is 2 a factor of 2069?
False
Is 4012747 a multiple of 15?
False
Is 99093 a multiple of 51?
True
Is 375 a factor of 254960?
False
Is 495 a factor of 3672588?
False
Does 495 divide 620235?
True
Does 193 divide 75077?
True
Is 45 a factor of 56884?
False
Is 24 a factor of 900113?
False
Is 145903 a multiple of 6?
False
Is 77 a factor of 67067?
True
Is 59358 a multiple of 6?
True
Is 27 a factor of 83210?
False
Is 207 a factor of 103022?
False
Is 7 a factor of 353989?
False
Is 380911 a multiple of 131?
False
Is 459 a factor of 576504?
True
Does 13 divide 3771217?
False
Does 188 divide 588931?
False
Is 54 a factor of 4813452?
True
Is 1145704 a multiple of 574?
True
Does 9 divide 905013?
True
Is 7210 a multiple of 14?
True
Does 5 divide 274323?
False
Does 31 divide 4429815?
False
Does 77 divide 415415?
True
Is 386694 a multiple of 54?
True
Is 1487808 a multiple of 82?
True
Is 124 a factor of 25319?
False
Is 661 a factor of 4384847?
False
Is 361179 a multiple of 147?
True
Is 23 a factor of 101604?
False
Does 11 divide 163249?
False
Is 1054884 a multiple of 51?
True
Is 30270 a multiple of 30?
True
Is 1341846 a multiple of 186?
False
Does 4 divide 157912?
True
Does 76 divide 154294?
False
Is 96 a factor of 2028480?
True
Is 75 a factor of 6531149?
False
Does 164 divide 21484?
True
Does 3 divide 38416?
False
Does 4 divide 10450?
False
Is 29 a factor of 413134?
True
Does 57 divide 8853205?
False
Does 120 divide 2310120?
True
Does 168 divide 727776?
True
Does 2 divide 376062?
True
Does 21 divide 5232759?
True
Does 180 divide 2435766?
False
Is 346 a factor of 178536?
True
Is 114 a factor of 33337176?
False
Is 1309646 a multiple of 34?
True
Is 22 a factor of 104416?
False
Does 118 divide 314470?
True
Is 2317600 a multiple of 160?
True
Is 83 a factor of 551168?
False
Does 103 divide 92777?
False
Is 20 a factor of 246694?
False
Does 777 divide 1869052?
False
Does 7 divide 420715?
False
Does 20 divide 196280?
True
Does 192 divide 80351?
False
Is 187627 a multiple of 102?
False
Is 3225108 a multiple of 60?
False
Is 61 a factor of 608983?
False
Is 24786216 a multiple of 1404?
True
Does 469 divide 1723106?
True
Is 10 a factor of 2252233?
False
Does 6 divide 617837?
False
Is 5750576 a multiple of 501?
False
Is 2526975 a multiple of 225?
True
Is 102328 a multiple of 4?
True
Is 9 a factor of 146772?
True
Does 102 divide 1749391?
False
Does 14 divide 1713838?
True
Is 182630 a multiple of 70?
True
Does 46 divide 152109?
False
Does 39 divide 85683?
True
Is 2004138 a multiple of 186?
False
Is 6184975 a multiple of 1258?
False
Is 14 a factor of 117643?
False
Is 5916 a multiple of 29?
True
Is 437 a factor of 440240?
False
Is 3989000 a multiple of 50?
True
Does 7 divide 553098?
True
Does 38 divide 604805?
False
Does 58 divide 1106118?
True
Is 8 a factor of 1835914?
False
Is 644805 a multiple of 63?
True
Is 281591 even?
False
Does 39 divide 286481?
False
Is 14 